 -f - 3*w, 4*f - 5 = -w. Suppose 6 = f*n + 2. What are the prime factors of z(n)?
2, 11
Suppose 0 = 3*n + 2*x - 809, -n = 5*x + 101 - 349. List the prime factors of n.
3, 7, 13
Suppose -3*m + 3*q + 66 = 0, -7*q + 94 = 5*m - 8*q. Let w = -3 + 6. List the prime factors of (m - w)*(-2)/(-5).
2, 3
Let b be 876/(-8)*(0 + -2). Suppose 2*z - 2*w + 3*w - 426 = 0, b = z - w. What are the prime factors of z?
5, 43
Let i be 3 - (-110)/15*3. Let x(l) = 5*l + 1. Let g be x(2). Let a = i - g. What are the prime factors of a?
2, 7
Let c = -27 + 19. Let v = c + 16. Suppose 3*o = o + v. What are the prime factors of o?
2
Suppose -2*y = 128 + 412. Let v = -187 - y. List the prime factors of v.
83
Suppose -6*y = -3*y - 63. Let i be 156/91*(y - 0). Suppose 7 = -q + i. List the prime factors of q.
29
Let p(b) = -b**3 + 11*b**2 + 9*b + 10. Let d be p(6). Let z = -135 + d. List the prime factors of z.
109
Let g = 1 - 5. Let i = 7 + g. List the prime factors of i*-1 + -4 + 11.
2
Suppose 0*u - 4*u + 28 = 0. Suppose u*c - 8*c = -38. What are the prime factors of c?
2, 19
What are the prime factors of (-32 - -1)/(9/(-126))?
2, 7, 31
Let g(t) = -t + 4. Let h be g(6). Let i be -1 + h + (-24)/(-4). Suppose r = -i*r + 104. List the prime factors of r.
2, 13
Suppose -26*r - 17575 + 110759 = 0. List the prime factors of r.
2, 7
Let t be 3 - (-113)/(-4) - 3/4. Let u = t + 69. What are the prime factors of u?
43
Let w(j) = j**3 - 2*j**2 - 2*j - 12. Let r be w(4). Let t(z) = z**2 - 9*z + 1. List the prime factors of t(r).
37
Let s(p) = 4*p**3 - 3*p**2 + 2*p - 31. List the prime factors of s(4).
5, 37
Let l be 7/4 + 1/4. Let q = 18 + l. What are the prime factors of q?
2, 5
Suppose -6*k + 3292 - 328 = 0. Suppose -k = -10*x + 286. List the prime factors of x.
2, 3, 13
Let a(j) = j**3 - 5*j**2 + 6*j + 2. Let y(r) = -r**2 - 4*r + 2. Let p be y(-3). Let d be a(p). Let c = d + -21. What are the prime factors of c?
11
Let c(z) = z**2 + 5*z + 6. Let u be c(-4). Let d be -4 + ((-48)/u)/(-4). What are the prime factors of (3 + (-3)/d)*22?
3, 11
Suppose 11781 = -33*i + 44*i. List the prime factors of i.
3, 7, 17
Let o = -589 + 1431. List the prime factors of o.
2, 421
Let m = -664 - -898. List the prime factors of m.
2, 3, 13
Let v = 23 + 54. Let n = v + -29. What are the prime factors of n?
2, 3
What are the prime factors of 4*4/(-32) + (-37356)/(-8)?
7, 23, 29
Suppose 4*j + 3 = -5*h - 67, 0 = -4*h + j - 35. Let y(r) = -r**2 - 11*r - 6. Let n be y(h). Suppose -n*i + 14 = -6. List the prime factors of i.
5
Let p(f) = f**2 + 6*f - 3. Let b be p(-3). Let y be 3/b - (-21)/4. Suppose g = y*l + 42, g = 6*g + 2*l - 156. What are the prime factors of g?
2
Let j = 40 + 3. Let p = j + -4. List the prime factors of p.
3, 13
Let m(q) = q**2 - 13*q + 15. Let w be m(12). Let v = 1 + 2. Suppose w*t + 0*t = -3*f + 78, v*t - 75 = -4*f. What are the prime factors of t?
29
Let d = -3 - -8. Suppose 3*q = d*i - 247, -154 = -3*i - 6*q + 2*q. What are the prime factors of i?
2, 5
Suppose 5*d + 15 = 0, -48 = -3*j + d - 0*d. Suppose 624 = j*y - 2*y. List the prime factors of y.
2, 3
Let m(z) = 6*z**2 + z - 5. Let h be m(3). Suppose r - h = 13. List the prime factors of r.
5, 13
Let c = -5086 - -10417. List the prime factors of c.
3, 1777
What are the prime factors of (735/(-196))/(6/(-944) + 0)?
2, 5, 59
Suppose 0 = -5*y + a + 13 + 150, 5*y - 5*a - 155 = 0. Suppose -2*u + l = 2*u - 19, -y = -3*u - 3*l. Suppose -21 = 3*b - u*b. What are the prime factors of b?
7
Let c(b) = -b**3 + 13*b**2 - 22*b + 8. Let v be c(11). Let f(o) be the third derivative of o**4/6 - 13*o**3/6 + 3*o**2. What are the prime factors of f(v)?
19
List the prime factors of -8 + (-12 - -905 - 9).
2, 3, 73
Suppose -15732 = -33*h + 24*h. List the prime factors of h.
2, 19, 23
Suppose -i + 593 + 131 = -4*v, -3 = 3*v. What are the prime factors of i?
2, 3, 5
Let f(l) = -l**3 - 3*l**2 - 5*l - 8. Let n(m) = m**3 + 3*m**2 + 4*m + 9. Let r(z) = 3*f(z) + 2*n(z). List the prime factors of r(-4).
2, 19
Let v(z) = z**2 - 3*z + 38. Let c be v(20). Suppose -4*r + 936 = 5*d, 2*d + 4*r - 6*r = c. What are the prime factors of d?
2, 47
Let m(b) = -2*b - 2 - b - 10. Let s be m(-9). Suppose 2*k + q = 14, k + 5*q - 4 + s = 0. What are the prime factors of k?
3
Let t(w) be the first derivative of 2*w**3/3 + 3. List the prime factors of t(-6).
2, 3
Let h = 1365 + -951. Suppose -3*q + 454 = -5*x, 3*q - x = -4*x + h. List the prime factors of q.
11, 13
Let q be (0 - -5)/(6/(-42)*-7). List the prime factors of 2 - (-3 + q + -151).
151
Let p = -13 - -17. Let n be 121*1 - 20/10. Suppose p*z - 4*h = 284, -2*z + 38 = 3*h - n. List the prime factors of z.
2, 37
Let d(u) = -u + 14 + 20*u**2 - 3*u - 39*u**2 - 2 - u**3. List the prime factors of d(-19).
2, 11
Let u(h) = -h**2 + 14*h - 12. Let l be u(13). List the prime factors of (l/3)/((-5)/(-105)).
7
Let f(p) = 2 + 0 + 0 + 9*p. Let a be 12/(-72) - ((-26)/12 - 0). What are the prime factors of f(a)?
2, 5
Let g(a) = -a**3 - 4*a**2 + 4. Let i be g(-4). Let m(h) = 5*h**2 - 8*h + 5. List the prime factors of m(i).
53
Suppose 37*z = 26*z + 4356. What are the prime factors of z?
2, 3, 11
Suppose 42 = k - 2*q - q, -4*k - 3*q + 243 = 0. Let l be (-16)/48*1*k. Let x = l - -49. List the prime factors of x.
2, 3, 5
What are the prime factors of ((-11580)/8)/(-15)*20?
2, 5, 193
Let h(f) = -f**2 - 5*f + 1. Let i be h(-4). Let t = 424 + -419. Suppose -4*u + 16 = 2*n - 16, 95 = t*n + i*u. List the prime factors of n.
2, 11
Let n(o) = -o**3 - 9*o**2 - 4*o + 4. Let t be n(-9). Suppose 8*l = 13*l - t. List the prime factors of l.
2
Suppose 11 = 17*d - 40. Suppose -5*r = -4*z - 512, -5*r + d*z + 84 + 430 = 0. What are the prime factors of r?
2, 13
Let i = 801 + -456. List the prime factors of i.
3, 5, 23
Let v be 2 + 5/15*9. Suppose -s + 1 + 69 = 2*l, -298 = -v*s + 3*l. What are the prime factors of s?
2, 31
Suppose -564 = -3*z + u, z + 2*u - 188 = 6*u. Suppose -2*k + 112 = -z. List the prime factors of k.
2, 3, 5
Let x(u) = 14*u**2 - 2*u - 113. What are the prime factors of x(-11)?
7, 229
Suppose -2*t + 6*f = 2*f - 18, 3*t - 5*f - 24 = 0. Let b = 21 + t. What are the prime factors of b?
2, 3
Let t = 2668 + 729. List the prime factors of t.
43, 79
What are the prime factors of 282/12*18/(4 - 3)?
3, 47
Let h(b) = 16*b**2 - 63*b - 585. List the prime factors of h(-12).
3, 5, 11
Let t(n) = n + 7. Suppose -4*j - 24 = -8. Let z be t(j). Suppose 59 = z*f - d, f + 0*d - d - 19 = 0. List the prime factors of f.
2, 5
Let t = 6 - 3. Suppose -42 = -t*f - 3*d, -d = -2*f + 4 + 18. Let u = f - -10. List the prime factors of u.
2, 11
Let r(t) = -2*t + 29. Let z be r(25). What are the prime factors of 7/(z/(-474)) + 1*-3?
5, 31
List the prime factors of (-49)/((-5)/(135/138) + 5).
3, 7
Let h = 939 - 680. List the prime factors of h.
7, 37
Let w(d) = d + 2. Let j be w(0). Suppose j*q = -3*z + 3*q + 195, -2*q = 6. Let h = z + -44. List the prime factors of h.
2, 5
Suppose -5*l + 101 = -139. Suppose -6*h = -3*h - l. Let g = -4 + h. What are the prime factors of g?
2, 3
Let d be 11/(-22) + 1/2. Suppose 5*x + 22 = -3*s, -4*s + d = x + 1. What are the prime factors of (170/119)/(s/7)?
2, 5
Let p(v) = v**2 - v + 10. Let y be p(0). Suppose -5*z = -y*z. Suppose -4*n = 5*k - 7 - 14, z = -5*n - 5. List the prime factors of k.
5
Suppose -2*r + 992 = 4*n, 4*n - 522 = 2*r + 478. What are the prime factors of n?
3, 83
Suppose 4779 = 2*w + 7*w. List the prime factors of w.
3, 59
Let s be (20/(-3))/(-4*(-6)/(-216)). Suppose -61*t + s*t = -210. List the prime factors of t.
2, 3, 5, 7
Let p = 4417 - 1060. List the prime factors of p.
3, 373
Let z(n) = n**3 - 17*n**2 + 16*n - 5. Let j be z(16). List the prime factors of (-48 - j)/((-3)/6).
2, 43
Let z(o) = 6*o**2 - 3*o + 2. Let c be z(1). Let p(b) = -b + 2. Let x be p(c). Let r(k) = -k**3 + 2*k**2 - 2*k + 1. List the prime factors of r(x).
2, 13
List the prime factors of (-189)/441 + 5/(70/5844).
3, 139
Let i(b) = b**3 - 19*b**2 - 20*b - 7. Let a be i(20). What are the prime factors of -2 + 64/28 + (-789)/a?
113
Suppose -16*q - 2024 = 2168. Let r = -177 - q. What are the prime factors of r?
5, 17
Let g be (-3)/6 - 1 - (-8775)/18. Suppose -7*n + 5*m = -5*n - 258, 4*n + 5*m = g. What are the prime factors of n?
2, 31
Let b = 4